 factor of 2296 and 1191050.
574
What is the highest common factor of 432 and 8460?
36
Calculate the highest common divisor of 1263249 and 59.
59
What is the highest common factor of 340 and 142970?
170
What is the greatest common divisor of 438365 and 1095?
365
What is the highest common divisor of 72534 and 14?
14
What is the highest common factor of 65 and 585065?
65
What is the highest common factor of 44421 and 741?
39
Calculate the greatest common divisor of 32 and 306344.
8
Calculate the greatest common factor of 798446 and 66.
22
What is the greatest common factor of 1124655 and 15?
15
Calculate the greatest common factor of 308 and 332838.
22
Calculate the highest common factor of 52 and 1286428.
52
Calculate the greatest common factor of 4511 and 819.
13
What is the greatest common factor of 8411 and 1599?
13
Calculate the greatest common factor of 50281 and 10448.
653
What is the greatest common factor of 5265 and 750555?
585
Calculate the greatest common factor of 316 and 593132.
316
What is the highest common divisor of 3519 and 14697?
207
Calculate the greatest common divisor of 8883 and 3431.
47
Calculate the highest common divisor of 395 and 974465.
395
Calculate the highest common factor of 1566 and 179510.
58
What is the greatest common factor of 28740 and 180?
60
Calculate the greatest common factor of 11 and 238051.
11
Calculate the greatest common factor of 22216900 and 235.
235
Calculate the greatest common factor of 305220 and 60.
60
Calculate the highest common factor of 80 and 24085.
5
What is the greatest common factor of 423 and 234?
9
What is the greatest common divisor of 44 and 46651?
11
Calculate the highest common factor of 33 and 116787.
33
Calculate the highest common divisor of 1 and 1549.
1
Calculate the greatest common divisor of 322 and 7808017.
161
Calculate the greatest common factor of 16 and 17616.
16
Calculate the greatest common factor of 3927 and 5593.
119
Calculate the highest common divisor of 532 and 4386340.
532
What is the greatest common divisor of 1690 and 1040?
130
Calculate the greatest common divisor of 56874 and 24.
6
What is the greatest common factor of 330 and 11520?
30
What is the greatest common divisor of 431920 and 80?
80
What is the highest common divisor of 104 and 1704?
8
What is the highest common factor of 5260005 and 1410?
705
Calculate the highest common factor of 20480 and 3090.
10
What is the highest common divisor of 11980 and 80?
20
Calculate the highest common divisor of 611 and 61429.
47
Calculate the highest common factor of 978866 and 14.
14
Calculate the highest common divisor of 77217 and 231.
21
Calculate the highest common divisor of 20 and 63030.
10
What is the highest common divisor of 442 and 3587?
17
What is the highest common factor of 32540 and 20?
20
Calculate the greatest common factor of 568297 and 4749.
1583
What is the greatest common factor of 400771 and 49?
49
What is the greatest common divisor of 19 and 436088?
19
What is the highest common divisor of 34 and 587?
1
Calculate the greatest common factor of 59877 and 27.
9
Calculate the highest common factor of 558 and 33108.
186
Calculate the highest common factor of 558692 and 3.
1
What is the highest common divisor of 99301 and 7984?
499
What is the greatest common divisor of 49038 and 396?
66
What is the greatest common divisor of 18 and 1207842?
6
What is the greatest common divisor of 34437 and 78?
39
Calculate the greatest common factor of 122 and 374.
2
What is the highest common divisor of 1575 and 21175?
175
Calculate the highest common divisor of 629 and 2237353.
629
What is the highest common factor of 1771 and 127834?
161
What is the highest common divisor of 11388 and 2028?
156
Calculate the greatest common factor of 106755 and 330.
165
What is the highest common factor of 310 and 1210?
10
Calculate the greatest common factor of 148 and 450586.
74
What is the highest common divisor of 668 and 15865?
167
What is the highest common divisor of 7970 and 100?
10
What is the greatest common factor of 2880 and 5220?
180
What is the highest common factor of 20128 and 46768?
592
What is the highest common factor of 36 and 116838?
18
Calculate the highest common divisor of 100 and 33480.
20
Calculate the highest common factor of 3542250 and 225.
75
What is the highest common divisor of 58548 and 483?
21
Calculate the highest common factor of 132 and 331353.
33
Calculate the highest common divisor of 19251 and 13662.
621
What is the highest common factor of 3293 and 148?
37
Calculate the highest common factor of 44088 and 2200.
88
Calculate the greatest common divisor of 412629 and 29841.
1029
What is the greatest common divisor of 448 and 2554?
2
Calculate the highest common divisor of 252600 and 5400.
600
Calculate the greatest common factor of 1195266 and 12.
6
Calculate the highest common factor of 329 and 791.
7
What is the highest common factor of 2664 and 81?
9
Calculate the greatest common factor of 13 and 2048163.
13
What is the highest common divisor of 1251 and 1287?
9
What is the greatest common factor of 16 and 7576?
8
Calculate the greatest common divisor of 57 and 11153.
19
Calculate the greatest common divisor of 16850 and 47854.
674
Calculate the greatest common factor of 28464 and 8976.
48
Calculate the greatest common divisor of 124 and 27063.
31
What is the greatest common factor of 120118 and 406?
58
Calculate the greatest common factor of 26145 and 34020.
315
Calculate the greatest common divisor of 14415 and 75.
15
Calculate the greatest common factor of 494 and 30001.
19
Calculate the highest common factor of 7674635 and 1310.
655
Calculate the greatest common factor of 147882 and 126.
42
What is the greatest common divisor of 60 and 246140?
20
Calculate the highest common divisor of 9648 and 2475.
9
What is the highest common factor of 528 and 16544?
176
What is the highest common factor of 428996 and 46?
46
Calculate the highest common divisor of 2126 and 8.
2
Calculate the greatest common factor of 31590 and 273.
39
What is the highest common factor of 3321 and 31365?
369
Calculate the greatest common factor of 40526 and 46.
46
Calculate the greatest common factor of 290592 and 288.
288
Calculate the highest common divisor of 1513674 and 54.
54
What is the highest common divisor of 104516 and 406?
58
Calculate the greatest common divisor of 51 and 619837.
17
What is the highest common factor of 525 and 224275?
25
Calculate the greatest common divisor of 9600 and 88.
8
What is the greatest common divisor of 89136 and 18288?
144
Calculate the highest common factor of 189651 and 264.
33
Calculate the greatest common divisor of 16 and 4904.
8
Calculate the greatest common divisor of 280458 and 135.
9
What is the greatest common factor of 261632 and 1460?
292
What is the highest common divisor of 2793 and 11760?
147
Calculate the greatest common factor of 1221 and 3219.
111
Calculate the highest common divisor of 4035720 and 15.
15
Calculate the highest common divisor of 88 and 117612.
44
Calculate the highest common factor of 242124 and 9.
3
Calculate the highest common factor of 50578 and 836.
418
What is the highest common factor of 148 and 548414?
74
What is the greatest common divisor of 80110 and 110?
10
What is the highest common factor of 16495 and 10?
5
Calculate the greatest common divisor of 128710 and 1830.
610
What is the highest common factor of 2 and 132148?
2
Calculate the highest common factor of 2311829 and 16952.
2119
What is the greatest common divisor of 1503 and 9?
9
What is the highest common divisor of 47679 and 207?
69
What is the highest common factor of 1036298 and 114?
38
What is the highest common factor of 1204 and 1162?
14
Calculate the highest common factor of 2849499 and 6648.
831
What is the highest common factor of 36830 and 762?
254
What is the highest common factor of 172 and 804?
4
Calculate the greatest common factor of 24708 and 7668.
852
What is the highest common factor of 22 and 1158553?
11
What is the highest common divisor of 9351 and 81?
9
What is the greatest common divisor of 736 and 50?
2
Calculate the greatest common divisor of 1386 and 16290.
18
What is the greatest common divisor of 12363 and 936?
39
Calculate the greate